2 = 0, -i - m + 5 = 2*m. Let z(u) = -u**3 - 3*u**2 - 2*u. Let k be 8/52 - (-123)/(-39). Calculate the remainder when i is divided by z(k).
5
Suppose -31*b + 240 = -13*b - 8*b. Suppose m = 3*f + 31, 0*m + 3*f = -5*m + 245. Calculate the remainder when m is divided by b.
22
Let v = 196 - 113. Let k = v - -11. Calculate the remainder when k is divided by 49.
45
Suppose 5*t - 163 = -4*w - 51, -26 = -t + w. What is the remainder when 68 is divided by t?
20
Suppose 905 - 278 = 11*h. Calculate the remainder when h is divided by 8.
1
Suppose 0*n = -4*r + 2*n - 50, 0 = 5*n - 25. What is the remainder when 47 is divided by (32/r - -4)*15?
11
Suppose -281*d - 4942 = -283*d. Calculate the remainder when d is divided by 25.
21
Let m(r) = -4*r + 57. Suppose j = -4 + 12. Calculate the remainder when m(11) is divided by j.
5
Suppose 4*q - 680 = 4*l, 5*q - 310 = -3*l + 564. Let o = -87 + q. What is the remainder when o is divided by 11?
9
Let d(c) = 3*c**2 - 3*c + 2. Calculate the remainder when d(3) is divided by (168/(-9))/4*48/(-32).
6
Suppose -95*o = -93*o - 10, 5*b + 3*o = 1015. Calculate the remainder when b is divided by 36.
20
Let r(t) = -t**3 + 16*t**2 - 20*t + 22. What is the remainder when r(13) is divided by 9?
8
Suppose 0 = 5*h + 16 - 41. Suppose -2*b - 57 = -h*b. Let u = 63 - 7. What is the remainder when u is divided by b?
18
Suppose -2*q + 3*y = -16, -q - y - 2 + 5 = 0. Suppose 4*u + d + 23 = 80, -q*u = 2*d - 75. What is the remainder when 61 is divided by u?
9
Suppose 0 = -g - 0 + 2, 0 = -q - 2*g + 10. What is the remainder when (34/(-4))/(2/(-4)) is divided by q?
5
Suppose 0 = -5*m + 4*q + 379, -5 + 0 = 5*q. What is the remainder when m is divided by 70?
5
Let r = 49 - 33. Suppose -235 = -5*f - 5*d, -3*f + 4*d + 65 = -48. Calculate the remainder when f is divided by r.
11
Let f = 166 - 78. Let u = f + -57. Suppose -u = 3*r - 226. Calculate the remainder when r is divided by 34.
31
Suppose -2 = 9*s - 11*s. Let x(w) = 2*w**2 + 3*w. Let t be x(-2). Suppose 5 = p + t. What is the remainder when p is divided by s?
0
Let j(y) = y**3 + 11*y**2 - 3. Let k be j(-11). Calculate the remainder when (-20)/30*-2*18 is divided by 6/k - 15/(-1).
11
Let g = -1171 + 1145. Let l(y) = -6*y - 1. Let r be l(5). Let b = g - r. What is the remainder when 13 is divided by b?
3
Let r(s) = -15*s + 3. Suppose 18 = -5*v - 2. Calculate the remainder when r(v) is divided by 23.
17
Suppose x - 4 = -t + 20, 5*x - 20 = -t. What is the remainder when 96 is divided by t?
21
Suppose 16 = -5*r + 61. Let m(h) = -4*h + 60. Calculate the remainder when m(7) is divided by r.
5
What is the remainder when 194 is divided by (-426)/(-994) - (-582)/14?
26
Let m be (-4)/10 - (-20)/50. Suppose m = 4*s + 4*f - 106 - 14, -5*s - 3*f = -158. Calculate the remainder when 135 is divided by s.
33
Let f(y) = y**2 - 2*y - 7. Suppose 3*v + 4*h - 8*h - 88 = 0, 98 = 3*v + h. What is the remainder when v is divided by f(5)?
0
Suppose -192*x + 206*x = 2786. What is the remainder when x is divided by 50?
49
Suppose 1001*g - 364 = 973*g. Let p(s) = 20*s**3 - s**2 + s + 1. Let b be p(-1). Let o = 30 - b. Calculate the remainder when o is divided by g.
12
Let g be 3*(-2 - (-51)/27)*0. Suppose -d + 9 = -g*d. Let h = 17 - 0. Calculate the remainder when h is divided by d.
8
Let t be 3*(-5)/(-3)*2/2. Let f = 19 - t. What is the remainder when f is divided by 7?
0
Suppose -76*i + 73*i = -42. What is the remainder when 24 is divided by i?
10
Suppose 0*z = -5*z. Suppose z = -8*w + 9*w - 2. Calculate the remainder when 6 is divided by w.
0
Let n(z) = -21*z - 3. Let q(k) = -20*k - 2. Let h(l) = 4*n(l) - 5*q(l). Suppose f = 3*f - 8, -f - 16 = -4*i. Calculate the remainder when h(1) is divided by i.
4
Let p = 56 - 77. Let h = -1 - p. What is the remainder when 199 is divided by h?
19
Suppose -2*b + 4*z = -4*b + 126, 0 = 2*b + 3*z - 121. Let x = -38 + b. Suppose -k + 44 = -0*k. Calculate the remainder when k is divided by x.
14
Suppose f + 2*f - 12 = 0. Let k = 31 - f. Let m = -2 + k. What is the remainder when 73 is divided by m?
23
Suppose q - 3*q + 122 = 0. Let h be (-46)/207 + 29/9. Suppose -h*i - 47 = -143. Calculate the remainder when q is divided by i.
29
Let v = -166 - -175. Suppose 0 = -9*m + 6*m + 42. What is the remainder when m is divided by v?
5
Let r = 77 - 66. Let y be (0 + 15)*(-12)/(-20). What is the remainder when r is divided by (-8)/36 - (-56)/y?
5
Let w = 2142 - 2122. Let m = -69 + 185. Calculate the remainder when m is divided by w.
16
Suppose 9*q + 48 = 10*q. Suppose 44*j = q*j - 56. Calculate the remainder when 95 is divided by j.
11
Suppose -2*x = 2*x - 20, -4*h - 3*x + 47 = 0. Let w(j) = 4*j - 1. Calculate the remainder when w(h) is divided by 8.
7
Let h = -52 + 93. Let m = h + 2. What is the remainder when m is divided by 9?
7
Let j = -16 - -17. Let v = j + 25. Suppose -n + 29 = -3*x, 57 = 3*n - 2*x - x. What is the remainder when v is divided by n?
12
Suppose 0 = -d - 3*b + 13, 0*b = 5*d + 3*b - 113. Let w = 37 - d. Suppose w*i = 16*i - 32. What is the remainder when i is divided by 5?
3
Let q = -514 - -561. What is the remainder when q is divided by 28?
19
Suppose 120 = 4*q + 4*h, -q + 0*h = -h - 30. What is the remainder when 114 is divided by q?
24
Suppose 0 = 2*d + 3*h - 7, -4*d + 6*h - 8*h + 18 = 0. Suppose d*m = 2*m + 48. Calculate the remainder when 18 - (-22 - (-27)/3) is divided by m.
15
Suppose -6*y + 48 = -7*y. Let a = 55 + y. What is the remainder when 18 is divided by a?
4
Suppose o = 2*o + 67. Let u = 262 + o. What is the remainder when 2/12 - u/(-18) is divided by 3?
2
Let l(t) = t**3 - 11*t**2 + 21*t - 5. Let z be l(6). Let d = z + 125. What is the remainder when d is divided by 34?
32
Suppose 3*m + 0*m - 30 = 0. Suppose 6*c = 7*c - m. Suppose c*w = 8*w + 74. Calculate the remainder when w is divided by 13.
11
Suppose 13 + 27 = 2*g. Suppose -g = -5*u + 5*r, 6*u - 4 = u + r. Let c(s) = -s + 80. What is the remainder when c(u) is divided by 27?
26
Let p(k) = k**2 + 5*k - 11. Let b be p(-14). Suppose b = v + 21. Calculate the remainder when v is divided by 32.
30
Let q(m) = -29*m - 64. What is the remainder when q(-6) is divided by 14?
12
Let n(l) be the third derivative of -l**6/120 - l**4/8 - l**3/3 - 4*l**2. What is the remainder when 21 is divided by n(-2)?
9
Suppose 5*x - 4*y - 47 = -0*y, -5*y - 29 = -2*x. Suppose 5*b = x*b - 2. What is the remainder when 44 is divided by 11/(44/48)*b?
8
Suppose -17*y - 21 = -20*y. What is the remainder when 14 is divided by y/(63/(-12))*-6?
6
Suppose 15*g - 10*g + 2*w = 379, -4*g + 293 = 5*w. Suppose -5 + 0 = -j. What is the remainder when g is divided by j?
2
Let f(x) be the second derivative of x**5/20 - x**4/4 - 8*x**3/3 + 4*x**2 - 3*x. Let o = 142 + -136. What is the remainder when f(o) is divided by 7?
6
Let r(c) = -c**2 + 54*c + 189. What is the remainder when (-864)/(-10) - (-2)/(-5) is divided by r(-3)?
14
Let v(q) = 6 - 3 + 51*q - 4. Let a be v(1). Suppose -a = -4*u - 2*s, s = -u + 18 - 7. What is the remainder when 53 is divided by u?
11
Let q(z) be the second derivative of z**5/20 - z**4/6 + z**3/3 + 3*z**2 - z. Let j = 911 - 908. What is the remainder when 83 is divided by q(j)?
20
Suppose 101 = a - 5*y, 2*a - 4*y = a + 101. Let c = 143 - a. What is the remainder when 209 is divided by c?
41
Suppose -k - 2*z + 352 = 0, 7*z - 4*z + 1441 = 4*k. Suppose -44 = -6*l + k. Calculate the remainder when l is divided by 35.
32
Let a(x) = x**3 - 18*x - 3. What is the remainder when a(-4) is divided by 18/5 + 4/10?
1
Let x(b) = b**3 - 18*b**2 + 55*b - 121. What is the remainder when (-85)/(-1 - 0) - 1 is divided by x(15)?
26
Let b = 31 - 36. What is the remainder when 12/4 + b - -10 is divided by 7?
1
Suppose 0 = 10*x - 9*x - 5. Suppose -x*i + i + 32 = 0. Let k = 7 + i. Calculate the remainder when 43 is divided by k.
13
Suppose 3*c - 5*z - 29 = 0, z + 2 = -3*c + 25. What is the remainder when c is divided by 7?
1
Calculate the remainder when (-537)/(-5) + (-13 - (-63)/5) is divided by 19.
12
Let w(k) = 11*k**2 - k. Suppose -3*v = -v - 6. Suppose 4*g = -0*g - v*x + 31, -2*x - 2 = -3*g. What is the remainder when w(1) is divided by g?
2
Let o be 16/3 + 4/(-12). Let b(g) = 3*g - 90 - 92 + 198. What is the remainder when 60 is divided by